74 + -59. Let k = t + v. What is the units digit of k?
6
Let k be (9/4)/1 + (-31)/124. Let o = 7 + -5. What is the units digit of (-46)/(1 - k) - o?
4
Let y be (-1647)/(-7) - 22/77. Suppose 3*m = 23 + y. What is the units digit of m?
6
Let s = 14 - 20. What is the units digit of (-243)/(-18)*(-8)/s?
8
Let r(z) = -z + 9. Let g be r(5). Suppose -g*v + 78 = -3*v. Let o = v - 45. What is the units digit of o?
3
Suppose 2 = -5*k - 218. Let t = k - -73. Let j = t + -18. What is the tens digit of j?
1
Suppose 218 + 142 = 5*z. Suppose -6*c = -444 + z. What is the units digit of c?
2
Let q be (-45)/(-4) + -1 - (-38)/(-152). Let t(i) = 4*i + 4. What is the units digit of t(q)?
4
Let o = -16 + 41. Let t = 36 - o. What is the units digit of (t/3)/(10/30)?
1
Let n = 72 - 78. What is the tens digit of 8/(-6)*(287 - -1)/n?
6
Let c(l) = l**3 + 7*l**2 - l - 15. Let t be c(-8). Let w = 59 - t. Suppose -8*h = -6*h - w. What is the units digit of h?
5
Let b(q) = q**2 + 7*q. Let u be b(-7). Suppose u = -j - 1 - 0, 0 = 5*a - 4*j - 214. Suppose a = -17*h + 19*h. What is the tens digit of h?
2
Let x = -8 - -1. What is the units digit of (-2718)/(-63) + 1/x?
3
What is the units digit of ((-12)/21)/(20/(-7070))?
2
Suppose 28*l - 636 = 25*l. Let w = -47 + l. What is the tens digit of w?
6
Suppose -2*y = -n + y + 24, 5*y - 30 = -3*n. Let j = -11 + n. Suppose v + 1 = -d + 11, -12 = -j*v. What is the units digit of d?
7
Suppose l + 15 = 3. What is the hundreds digit of (-4)/l*3*139?
1
Let n be 1/(6/80)*-3. Let w = -56 - n. Let y = 35 + w. What is the units digit of y?
9
Let a(t) = t**3 - 9*t**2 + 7*t + 6. Let n be a(8). Let o(m) = -m**3 - 3*m**2 - 2*m - 2. Let f be o(n). Let g = f - -15. What is the units digit of g?
3
Let k(i) = 51*i**2 + 2*i - 1. Let s(u) = u**3 - 4*u**2 - 13*u - 7. Let p be s(6). Let z = p + 14. What is the units digit of k(z)?
2
Suppose -2*a + 3*v = -277, 4*a + v = -4*v + 609. What is the units digit of a?
6
Let f be 8408/(-72) + 4/(-18). Let c = f - -257. Suppose d = -4*d + c. What is the tens digit of d?
2
Let q be (0 + 5 + -3)*(-45)/(-6). Let s(n) = n**2 - n - 2. Let j be s(0). Let f = j + q. What is the units digit of f?
3
Let v = 1049 + -532. What is the tens digit of v?
1
Suppose 0 = 3*o - 0 - 3. Suppose -j - o = -6. Suppose -38 = -2*n - l + 42, 0 = j*n - 2*l - 200. What is the tens digit of n?
4
Suppose 148 - 58 = 5*f. Let b = 105 - f. What is the units digit of b?
7
Let w(f) be the third derivative of f**6/120 + f**5/12 + 5*f**4/24 + 5*f**3/3 - 18*f**2. What is the tens digit of w(-3)?
1
Let v = 569 - 389. Suppose 0 = 2*d + 3*d - v. Let l = d - 15. What is the units digit of l?
1
Suppose 8490 = 5*q - 5*o, -2138 = -q + 2*o - 440. What is the tens digit of q?
9
Let h = 589 - 338. What is the units digit of h?
1
Suppose w - 2275 = -3*z, 5*w - 20*z - 11275 = -15*z. What is the units digit of w?
0
Let y = -107 + 247. Suppose 6*v = y + 790. Suppose -q - v = -6*q. What is the tens digit of q?
3
Let p(z) = -8*z - 53. Let f be p(-11). Let j = 50 - f. What is the tens digit of j?
1
Suppose 3*r + 24 = 4*t, -3*r = -5*t - 0*t + 21. Let v = r + 16. Suppose 0 = 2*o + 3*z - 57, 110 = 4*o + v*z - 2*z. What is the tens digit of o?
2
What is the hundreds digit of -4 + (5 - 2) + 513 - 4?
5
Let g = -1153 + 1814. What is the units digit of g?
1
Let i = -102 - -131. Suppose -c + 26 = -i. What is the tens digit of c?
5
Let y(k) = -k**3 + 14*k**2 - 12*k + 30. Let q be y(13). What is the units digit of 33/(-11) - (0 - (q + -2))?
8
Suppose -50*f + 10484 = -29616. What is the hundreds digit of f?
8
Let k = -837 + 1505. Suppose 0 = -3*n - b - 4*b + 416, 2*b = -5*n + k. Suppose 3*c + t = 215, c = 3*c - 5*t - n. What is the units digit of c?
1
Let j(u) = 148*u**3 + u**2 - 1. Let k(x) = -x**3 + 15*x**2 - 16*x + 29. Let m be k(14). What is the hundreds digit of j(m)?
1
Let v be -1 + 4/(-4) + 52. Suppose 14 = -4*w + v. What is the units digit of w?
9
What is the hundreds digit of 612*(13/2 + -6)?
3
Suppose -m - 29876 = -15*m. What is the tens digit of m?
3
Suppose 22 = 2*h + 6. Let v(m) = m. Let y be v(3). Let t = h - y. What is the units digit of t?
5
Let y = 46 - 55. What is the hundreds digit of 135 + -1 - (-9)/y?
1
Let o be (-2 - (-9)/3)*-2. Let n(g) = -8*g**3 - g**2 - g - 2. Let a be n(o). Suppose -2*u = -6*u + a. What is the units digit of u?
5
Let x(o) = 3*o + 4. Let j be x(2). Suppose -9*h - 3 = -j*h. Suppose 4*b = -h*b + 441. What is the tens digit of b?
6
Suppose -m + 8 = -0. Let x(n) = n - 3. Let d be x(4). Suppose 0 = -3*l + 6, d = -s - 3*l + m*l. What is the units digit of s?
9
Let n = -14 + 16. What is the tens digit of (-5 + 7)*49/n?
4
Let b = -15 - -25. Let s be (b - (2 - 0))/(-2). What is the tens digit of -2*s/(-4)*-8?
1
Suppose 3*t = -5*v + 1424, -2*v + 1429 = 3*t + 2*v. Let n = t - 224. What is the hundreds digit of n?
2
Suppose -28 = -4*k - 0*k. Suppose -k = 5*i - 17. Suppose 154 = 4*c + a, i*c = -2*a - 0*a + 80. What is the tens digit of c?
3
Let t = 130 + -23. Suppose 3*f = g + g - 40, t = 5*g - 4*f. What is the tens digit of g?
2
Suppose 5*p - 2847 = -s + 2729, -4*p = 3*s - 4452. Suppose -13*y = -2381 - p. What is the hundreds digit of y?
2
What is the tens digit of (-12)/1*(-5 + (-465)/6)?
9
Suppose 4*z + 4*o = -59 + 11, -2*z - 3*o - 24 = 0. Let h = z - -14. What is the units digit of h/9 + 266/18?
5
Let w(b) = b**2 - b + 92. Let i be w(0). Suppose 361*j = 365*j - 152. Suppose i - j = 2*t. What is the units digit of t?
7
Suppose -44 = -5*t - 4*l + 14, -2*t = -3*l - 37. Suppose -g = -5*o + g, 4*g = 3*o + t. Suppose 0 = 2*q + o*q - 104. What is the tens digit of q?
2
Suppose -104*t + 86*t + 57186 = 0. What is the hundreds digit of t?
1
Let v(y) = -8*y + 5. Let p(h) = -h + 1. Let q(n) = 3*n**2 + n + 1. Let k be q(1). Let w(c) = k*p(c) - v(c). What is the units digit of w(2)?
6
Suppose 3*s - 20 = 4*l + 50, 145 = 4*s + 5*l. Suppose 0 = 3*y + s + 9. What is the units digit of 39/y - 120/(-2)?
7
Let s = 150 + 216. What is the units digit of s?
6
Let g(j) = 2*j**2 - 6. Let c be g(-3). Suppose 0 = -2*u + c + 176. What is the tens digit of u?
9
Suppose -s - 8 = -3*w - 2, 2*w + s - 9 = 0. What is the units digit of ((-22)/8 + w)*92?
3
Suppose -12857 = -3*j + 868. What is the thousands digit of j?
4
Suppose 5*u - 43 - 17 = 0. Suppose 3*l - u = 69. What is the tens digit of l?
2
Let b(w) = 3*w**2 + 79*w - 83. What is the hundreds digit of b(-35)?
8
Suppose 2*m + 136 = 4*v - 0*m, 5*v = -3*m + 170. Let g = v - 17. Suppose p - 3*l - 3 = 2*p, 3*p - 4*l = g. What is the units digit of p?
3
What is the units digit of 73*-13*29/(290/(-20))?
8
Suppose 434 = g - 1793. What is the units digit of g?
7
Let n(u) = -u**2 + 5*u - 4. Let b be n(3). Let l be ((-2)/6)/((-5)/465). Suppose -b = w - l. What is the tens digit of w?
2
Let x = -219 + 256. Let g = -3 + 6. Let y = x + g. What is the units digit of y?
0
Suppose -2*m + 0*m = -2*f + 5782, 0 = -3*m + 3. What is the hundreds digit of f?
8
Let b(q) = 50*q**3 + 3*q**2 - 2. Let a be b(-1). What is the tens digit of (-3668)/a + (-1)/(-7)?
7
Suppose -63 = -7*l + 98. Suppose -f + q = -5, -4*q - q - l = -4*f. Suppose -164 = -0*m - f*m. What is the tens digit of m?
8
What is the tens digit of 3 + -1 - (-1639 - 28)?
6
Let r = -83 + 64. Let z(p) = 3*p**2 + 2*p + 5. Let h be z(-4). Let t = h + r. What is the units digit of t?
6
What is the tens digit of (-20)/(-12) + (-5)/((-15)/652)?
1
What is the hundreds digit of (-14)/63 - 15646/(-18)?
8
Let j(b) = 10*b + 4*b - 15*b - 11. Let m be j(-13). What is the tens digit of (31/(-2))/(-1)*m?
3
Let c = -2320 - -3665. What is the units digit of c?
5
Suppose 3*a = -2*i + 3, -3*i = 2*a - 8 + 1. What is the units digit of -96*(-4)/6 + a?
3
What is the tens digit of 10843/13 + 63/(-819)?
3
Let f be 191 + -181 + 2 + -1 + 0. Let a(v) = -2*v + 5*v + 11 - 2*v. What is the units digit of a(f)?
2
Suppose -2*v = -7*v + 10. Let l be 4/((5 - 4)*v). Suppose -l = -4*o + 2. What is the units digit of o?
1
Let j = 806 - 738. What is the units digit of j?
8
Let l(h) = -1 - 4*h + 3*h + 5*h + 50*h**2. Let b be 2/11 - (-27)/33. What is the tens digit of l(b)?
5
Suppose -2*v + 3*l + 0*l = -15, -2*v - 3*l = 3. Suppose -v*d + 538 = -125. Suppose -2*o - 4*p = -2*p - 124, -4*o + 5*p = -d. What is the units digit of o?
